{"id":237,"date":"2016-06-26T17:18:00","date_gmt":"2016-06-26T17:18:00","guid":{"rendered":"https:\/\/fundacioramonmartibonet.org\/project\/india\/"},"modified":"2024-09-04T09:49:40","modified_gmt":"2024-09-04T09:49:40","slug":"india","status":"publish","type":"iuttu_project","link":"https:\/\/fundacioramonmartibonet.org\/es\/proyecto\/india\/","title":{"rendered":"Visi\u00f3n para todo el mundo. Anantapur"},"content":{"rendered":"\n<p>El proyecto \u201cVisi\u00f3n para todo el mundo en India\u201d se llev\u00f3 a cabo en la regi\u00f3n de Anantapur, con la colaboraci\u00f3n de la Fundaci\u00f3n Vicente Ferrer y su contraparte sobre el terreno (RDT, Rural Development Trust).<\/p>\n\n\n\n<p>Desde que se empez\u00f3 este proyecto de atenci\u00f3n visual y atenci\u00f3n temprana en India rural <strong>se operaron adem\u00e1s de 2.700 personas (principalmente cirug\u00edas de catarata) y se realizaron m\u00e1s de 30 campus (1.500 casos aproximadamente) de atenci\u00f3n temprana en la regi\u00f3n de Anantapur<\/strong>. Durante estos campus se atendieron a ni\u00f1os con problemas visuales y otras discapacidades, hecho que ayud\u00f3 a reducir el porcentaje de ceguera infantil en un 24%. Hoy en d\u00eda estos ni\u00f1os pueden ir a una escuela no especial y continuar con la formaci\u00f3n acad\u00e9mica y profesional, mejorando as\u00ed sus expectativas laborales y econ\u00f3micas y su calidad de vida en un futuro.<\/p>\n\n\n\n<p>India es el pa\u00eds del mundo con m\u00e1s casos de ceguera y el 70% de esta es evitable. La oftalmolog\u00eda es una especialidad no prioritaria y tiene un coste muy elevado. Al tratarse de un pa\u00eds donde la sanidad p\u00fablica no es gratuita, en muchos casos la gente no puede asumir el coste de las visitas.<\/p>\n\n\n\n<p>Se realizaron formaciones intensivas a asistentes sociales sobre los rastreos en todos los pueblos del \u00e1rea de apoyo de la Fundaci\u00f3n Vicente Ferrer, se proporcion\u00f3 informaci\u00f3n y se hizo el seguimiento de las familias con el objetivo de evitar los abandonos.<\/p>\n\n\n\n<p>Gracias a la tarea de nuestros recursos humanos y econ\u00f3micos pudimos garantizar la asistencia oftalmol\u00f3gica a la zona. Durante el curso 2010\/2011, hubo un 21% menos de matriculaciones escolares en Braille en los centros de RDT y el curso 2014\/2015, un 24% menos.<\/p>\n\n\n\n<p>Podemos afirmar que se cumpli\u00f3 el principal objetivo de este proyecto, que era lo de formar a profesionales locales y darles las herramientas necesarias para poder ser aut\u00f3nomos y realizar revisiones y cirug\u00edas oftalmol\u00f3gicas, as\u00ed como capacitar los hospitales para poder realizar intervenciones. La formaci\u00f3n a los profesionales sanitarios es continuada y disponen de programas de telemedicina para contactarnos ante cualquier duda.<\/p>\n","protected":false},"excerpt":{"rendered":"<p>Proyecto de salud visual y atenci\u00f3n temprana, en colaboraci\u00f3n con la Fundaci\u00f3n Vicente Ferrer, que consigue reducir un 24% las matriculaciones escolares en Braille.<\/p>\n","protected":false},"featured_media":1842,"template":"","iuttu_project_type":[43],"acf":[],"yoast_head":"<!-- This site is optimized with the Yoast SEO plugin v22.5 - https:\/\/yoast.com\/wordpress\/plugins\/seo\/ -->\n<title>Visi\u00f3n para todo el mundo. Anantapur - Fundaci\u00f3 Ram\u00f3n Mart\u00ed i Bonet<\/title>\n<meta name=\"robots\" content=\"index, follow, max-snippet:-1, max-image-preview:large, max-video-preview:-1\" \/>\n<link rel=\"canonical\" href=\"https:\/\/fundacioramonmartibonet.org\/es\/proyecto\/india\/\" \/>\n<meta property=\"og:locale\" content=\"es_ES\" \/>\n<meta property=\"og:type\" content=\"article\" \/>\n<meta property=\"og:title\" content=\"Visi\u00f3n para todo el mundo. Anantapur - Fundaci\u00f3 Ram\u00f3n Mart\u00ed i Bonet\" \/>\n<meta property=\"og:description\" content=\"Proyecto de salud visual y atenci\u00f3n temprana, en colaboraci\u00f3n con la Fundaci\u00f3n Vicente Ferrer, que consigue reducir un 24% las matriculaciones escolares en Braille.\" \/>\n<meta property=\"og:url\" content=\"https:\/\/fundacioramonmartibonet.org\/es\/proyecto\/india\/\" \/>\n<meta property=\"og:site_name\" content=\"Fundaci\u00f3 Ram\u00f3n Mart\u00ed i Bonet\" \/>\n<meta property=\"article:publisher\" content=\"https:\/\/www.facebook.com\/FundacioRamonMartiBonet\" \/>\n<meta property=\"article:modified_time\" content=\"2024-09-04T09:49:40+00:00\" \/>\n<meta property=\"og:image\" content=\"https:\/\/fundacioramonmartibonet.org\/wp-content\/uploads\/2016\/06\/India-1.png\" \/>\n\t<meta property=\"og:image:width\" content=\"602\" \/>\n\t<meta property=\"og:image:height\" content=\"208\" \/>\n\t<meta property=\"og:image:type\" content=\"image\/png\" \/>\n<meta name=\"twitter:card\" content=\"summary_large_image\" \/>\n<meta name=\"twitter:site\" content=\"@FundacioRMB\" \/>\n<script type=\"application\/ld+json\" class=\"yoast-schema-graph\">{\"@context\":\"https:\/\/schema.org\",\"@graph\":[{\"@type\":\"WebPage\",\"@id\":\"https:\/\/fundacioramonmartibonet.org\/es\/proyecto\/india\/\",\"url\":\"https:\/\/fundacioramonmartibonet.org\/es\/proyecto\/india\/\",\"name\":\"Visi\u00f3n para todo el mundo. Anantapur - Fundaci\u00f3 Ram\u00f3n Mart\u00ed i Bonet\",\"isPartOf\":{\"@id\":\"https:\/\/fundacioramonmartibonet.org\/es\/#website\"},\"primaryImageOfPage\":{\"@id\":\"https:\/\/fundacioramonmartibonet.org\/es\/proyecto\/india\/#primaryimage\"},\"image\":{\"@id\":\"https:\/\/fundacioramonmartibonet.org\/es\/proyecto\/india\/#primaryimage\"},\"thumbnailUrl\":\"https:\/\/fundacioramonmartibonet.org\/wp-content\/uploads\/2016\/06\/India-1.png\",\"datePublished\":\"2016-06-26T17:18:00+00:00\",\"dateModified\":\"2024-09-04T09:49:40+00:00\",\"breadcrumb\":{\"@id\":\"https:\/\/fundacioramonmartibonet.org\/es\/proyecto\/india\/#breadcrumb\"},\"inLanguage\":\"es\",\"potentialAction\":[{\"@type\":\"ReadAction\",\"target\":[\"https:\/\/fundacioramonmartibonet.org\/es\/proyecto\/india\/\"]}]},{\"@type\":\"ImageObject\",\"inLanguage\":\"es\",\"@id\":\"https:\/\/fundacioramonmartibonet.org\/es\/proyecto\/india\/#primaryimage\",\"url\":\"https:\/\/fundacioramonmartibonet.org\/wp-content\/uploads\/2016\/06\/India-1.png\",\"contentUrl\":\"https:\/\/fundacioramonmartibonet.org\/wp-content\/uploads\/2016\/06\/India-1.png\",\"width\":602,\"height\":208},{\"@type\":\"BreadcrumbList\",\"@id\":\"https:\/\/fundacioramonmartibonet.org\/es\/proyecto\/india\/#breadcrumb\",\"itemListElement\":[{\"@type\":\"ListItem\",\"position\":1,\"name\":\"Home\",\"item\":\"https:\/\/fundacioramonmartibonet.org\/es\/\"},{\"@type\":\"ListItem\",\"position\":2,\"name\":\"Project\",\"item\":\"https:\/\/fundacioramonmartibonet.org\/es\/true\/\"},{\"@type\":\"ListItem\",\"position\":3,\"name\":\"Visi\u00f3n para todo el mundo. Anantapur\"}]},{\"@type\":\"WebSite\",\"@id\":\"https:\/\/fundacioramonmartibonet.org\/es\/#website\",\"url\":\"https:\/\/fundacioramonmartibonet.org\/es\/\",\"name\":\"Fundaci\u00f3 Ramon Mart\u00ed i Bonet\",\"description\":\"Visi\u00f3 per a tothom\",\"publisher\":{\"@id\":\"https:\/\/fundacioramonmartibonet.org\/es\/#organization\"},\"alternateName\":\"FRMB\",\"potentialAction\":[{\"@type\":\"SearchAction\",\"target\":{\"@type\":\"EntryPoint\",\"urlTemplate\":\"https:\/\/fundacioramonmartibonet.org\/es\/?s={search_term_string}\"},\"query-input\":\"required name=search_term_string\"}],\"inLanguage\":\"es\"},{\"@type\":\"Organization\",\"@id\":\"https:\/\/fundacioramonmartibonet.org\/es\/#organization\",\"name\":\"Fundaci\u00f3 Ramon Mart\u00ed i Bonet\",\"alternateName\":\"FRMB\",\"url\":\"https:\/\/fundacioramonmartibonet.org\/es\/\",\"logo\":{\"@type\":\"ImageObject\",\"inLanguage\":\"es\",\"@id\":\"https:\/\/fundacioramonmartibonet.org\/es\/#\/schema\/logo\/image\/\",\"url\":\"https:\/\/fundacioramonmartibonet.org\/wp-content\/uploads\/2023\/06\/frmb.svg\",\"contentUrl\":\"https:\/\/fundacioramonmartibonet.org\/wp-content\/uploads\/2023\/06\/frmb.svg\",\"width\":900,\"height\":280,\"caption\":\"Fundaci\u00f3 Ramon Mart\u00ed i Bonet\"},\"image\":{\"@id\":\"https:\/\/fundacioramonmartibonet.org\/es\/#\/schema\/logo\/image\/\"},\"sameAs\":[\"https:\/\/www.facebook.com\/FundacioRamonMartiBonet\",\"https:\/\/x.com\/FundacioRMB\",\"https:\/\/www.youtube.com\/channel\/UCNyN8HH4tz3ybIBubLBiSog\",\"https:\/\/www.instagram.com\/fundaciormb\/\",\"https:\/\/www.linkedin.com\/company\/fundacio-ramon-marto-i-bonet-contra-la-ceguera\/\"]}]}<\/script>\n<!-- \/ Yoast SEO plugin. -->","yoast_head_json":{"title":"Visi\u00f3n para todo el mundo. Anantapur - Fundaci\u00f3 Ram\u00f3n Mart\u00ed i Bonet","robots":{"index":"index","follow":"follow","max-snippet":"max-snippet:-1","max-image-preview":"max-image-preview:large","max-video-preview":"max-video-preview:-1"},"canonical":"https:\/\/fundacioramonmartibonet.org\/es\/proyecto\/india\/","og_locale":"es_ES","og_type":"article","og_title":"Visi\u00f3n para todo el mundo. Anantapur - Fundaci\u00f3 Ram\u00f3n Mart\u00ed i Bonet","og_description":"Proyecto de salud visual y atenci\u00f3n temprana, en colaboraci\u00f3n con la Fundaci\u00f3n Vicente Ferrer, que consigue reducir un 24% las matriculaciones escolares en Braille.","og_url":"https:\/\/fundacioramonmartibonet.org\/es\/proyecto\/india\/","og_site_name":"Fundaci\u00f3 Ram\u00f3n Mart\u00ed i Bonet","article_publisher":"https:\/\/www.facebook.com\/FundacioRamonMartiBonet","article_modified_time":"2024-09-04T09:49:40+00:00","og_image":[{"width":602,"height":208,"url":"https:\/\/fundacioramonmartibonet.org\/wp-content\/uploads\/2016\/06\/India-1.png","type":"image\/png"}],"twitter_card":"summary_large_image","twitter_site":"@FundacioRMB","schema":{"@context":"https:\/\/schema.org","@graph":[{"@type":"WebPage","@id":"https:\/\/fundacioramonmartibonet.org\/es\/proyecto\/india\/","url":"https:\/\/fundacioramonmartibonet.org\/es\/proyecto\/india\/","name":"Visi\u00f3n para todo el mundo. Anantapur - Fundaci\u00f3 Ram\u00f3n Mart\u00ed i Bonet","isPartOf":{"@id":"https:\/\/fundacioramonmartibonet.org\/es\/#website"},"primaryImageOfPage":{"@id":"https:\/\/fundacioramonmartibonet.org\/es\/proyecto\/india\/#primaryimage"},"image":{"@id":"https:\/\/fundacioramonmartibonet.org\/es\/proyecto\/india\/#primaryimage"},"thumbnailUrl":"https:\/\/fundacioramonmartibonet.org\/wp-content\/uploads\/2016\/06\/India-1.png","datePublished":"2016-06-26T17:18:00+00:00","dateModified":"2024-09-04T09:49:40+00:00","breadcrumb":{"@id":"https:\/\/fundacioramonmartibonet.org\/es\/proyecto\/india\/#breadcrumb"},"inLanguage":"es","potentialAction":[{"@type":"ReadAction","target":["https:\/\/fundacioramonmartibonet.org\/es\/proyecto\/india\/"]}]},{"@type":"ImageObject","inLanguage":"es","@id":"https:\/\/fundacioramonmartibonet.org\/es\/proyecto\/india\/#primaryimage","url":"https:\/\/fundacioramonmartibonet.org\/wp-content\/uploads\/2016\/06\/India-1.png","contentUrl":"https:\/\/fundacioramonmartibonet.org\/wp-content\/uploads\/2016\/06\/India-1.png","width":602,"height":208},{"@type":"BreadcrumbList","@id":"https:\/\/fundacioramonmartibonet.org\/es\/proyecto\/india\/#breadcrumb","itemListElement":[{"@type":"ListItem","position":1,"name":"Home","item":"https:\/\/fundacioramonmartibonet.org\/es\/"},{"@type":"ListItem","position":2,"name":"Project","item":"https:\/\/fundacioramonmartibonet.org\/es\/true\/"},{"@type":"ListItem","position":3,"name":"Visi\u00f3n para todo el mundo. Anantapur"}]},{"@type":"WebSite","@id":"https:\/\/fundacioramonmartibonet.org\/es\/#website","url":"https:\/\/fundacioramonmartibonet.org\/es\/","name":"Fundaci\u00f3 Ramon Mart\u00ed i Bonet","description":"Visi\u00f3 per a tothom","publisher":{"@id":"https:\/\/fundacioramonmartibonet.org\/es\/#organization"},"alternateName":"FRMB","potentialAction":[{"@type":"SearchAction","target":{"@type":"EntryPoint","urlTemplate":"https:\/\/fundacioramonmartibonet.org\/es\/?s={search_term_string}"},"query-input":"required name=search_term_string"}],"inLanguage":"es"},{"@type":"Organization","@id":"https:\/\/fundacioramonmartibonet.org\/es\/#organization","name":"Fundaci\u00f3 Ramon Mart\u00ed i Bonet","alternateName":"FRMB","url":"https:\/\/fundacioramonmartibonet.org\/es\/","logo":{"@type":"ImageObject","inLanguage":"es","@id":"https:\/\/fundacioramonmartibonet.org\/es\/#\/schema\/logo\/image\/","url":"https:\/\/fundacioramonmartibonet.org\/wp-content\/uploads\/2023\/06\/frmb.svg","contentUrl":"https:\/\/fundacioramonmartibonet.org\/wp-content\/uploads\/2023\/06\/frmb.svg","width":900,"height":280,"caption":"Fundaci\u00f3 Ramon Mart\u00ed i Bonet"},"image":{"@id":"https:\/\/fundacioramonmartibonet.org\/es\/#\/schema\/logo\/image\/"},"sameAs":["https:\/\/www.facebook.com\/FundacioRamonMartiBonet","https:\/\/x.com\/FundacioRMB","https:\/\/www.youtube.com\/channel\/UCNyN8HH4tz3ybIBubLBiSog","https:\/\/www.instagram.com\/fundaciormb\/","https:\/\/www.linkedin.com\/company\/fundacio-ramon-marto-i-bonet-contra-la-ceguera\/"]}]}},"_links":{"self":[{"href":"https:\/\/fundacioramonmartibonet.org\/es\/wp-json\/wp\/v2\/iuttu_project\/237"}],"collection":[{"href":"https:\/\/fundacioramonmartibonet.org\/es\/wp-json\/wp\/v2\/iuttu_project"}],"about":[{"href":"https:\/\/fundacioramonmartibonet.org\/es\/wp-json\/wp\/v2\/types\/iuttu_project"}],"wp:featuredmedia":[{"embeddable":true,"href":"https:\/\/fundacioramonmartibonet.org\/es\/wp-json\/wp\/v2\/media\/1842"}],"wp:attachment":[{"href":"https:\/\/fundacioramonmartibonet.org\/es\/wp-json\/wp\/v2\/media?parent=237"}],"wp:term":[{"taxonomy":"iuttu_project_type","embeddable":true,"href":"https:\/\/fundacioramonmartibonet.org\/es\/wp-json\/wp\/v2\/iuttu_project_type?post=237"}],"curies":[{"name":"wp","href":"https:\/\/api.w.org\/{rel}","templated":true}]}}

Visión para todo el mundo. Anantapur

<p>El proyecto “Visión para todo el mundo en India” se llevó a cabo en la región de Anantapur, con la colaboración de la Fundación Vicente Ferrer y su contraparte sobre el terreno (RDT, Rural Development Trust).</p>



<p>Desde que se empezó este proyecto de atención visual y atención temprana en India rural <strong>se operaron además de 2.700 personas (principalmente cirugías de catarata) y se realizaron más de 30 campus (1.500 casos aproximadamente) de atención temprana en la región de Anantapur</strong>. Durante estos campus se atendieron a niños con problemas visuales y otras discapacidades, hecho que ayudó a reducir el porcentaje de ceguera infantil en un 24%. Hoy en día estos niños pueden ir a una escuela no especial y continuar con la formación académica y profesional, mejorando así sus expectativas laborales y económicas y su calidad de vida en un futuro.</p>



<p>India es el país del mundo con más casos de ceguera y el 70% de esta es evitable. La oftalmología es una especialidad no prioritaria y tiene un coste muy elevado. Al tratarse de un país donde la sanidad pública no es gratuita, en muchos casos la gente no puede asumir el coste de las visitas.</p>



<p>Se realizaron formaciones intensivas a asistentes sociales sobre los rastreos en todos los pueblos del área de apoyo de la Fundación Vicente Ferrer, se proporcionó información y se hizo el seguimiento de las familias con el objetivo de evitar los abandonos.</p>



<p>Gracias a la tarea de nuestros recursos humanos y económicos pudimos garantizar la asistencia oftalmológica a la zona. Durante el curso 2010/2011, hubo un 21% menos de matriculaciones escolares en Braille en los centros de RDT y el curso 2014/2015, un 24% menos.</p>



<p>Podemos afirmar que se cumplió el principal objetivo de este proyecto, que era lo de formar a profesionales locales y darles las herramientas necesarias para poder ser autónomos y realizar revisiones y cirugías oftalmológicas, así como capacitar los hospitales para poder realizar intervenciones. La formación a los profesionales sanitarios es continuada y disponen de programas de telemedicina para contactarnos ante cualquier duda.</p>

<p>Proyecto de salud visual y atención temprana, en colaboración con la Fundación Vicente Ferrer, que consigue reducir un 24% las matriculaciones escolares en Braille.</p>

<!-- This site is optimized with the Yoast SEO plugin v22.5 - https://yoast.com/wordpress/plugins/seo/ -->
<title>Visión para todo el mundo. Anantapur - Fundació Ramón Martí i Bonet</title>
<meta name="robots" content="index, follow, max-snippet:-1, max-image-preview:large, max-video-preview:-1" />
<link rel="canonical" href="https://fundacioramonmartibonet.org/es/proyecto/india/" />
<meta property="og:locale" content="es_ES" />
<meta property="og:type" content="article" />
<meta property="og:title" content="Visión para todo el mundo. Anantapur - Fundació Ramón Martí i Bonet" />
<meta property="og:description" content="Proyecto de salud visual y atención temprana, en colaboración con la Fundación Vicente Ferrer, que consigue reducir un 24% las matriculaciones escolares en Braille." />
<meta property="og:url" content="https://fundacioramonmartibonet.org/es/proyecto/india/" />
<meta property="og:site_name" content="Fundació Ramón Martí i Bonet" />
<meta property="article:publisher" content="https://www.facebook.com/FundacioRamonMartiBonet" />
<meta property="article:modified_time" content="2024-09-04T09:49:40+00:00" />
<meta property="og:image" content="https://fundacioramonmartibonet.org/wp-content/uploads/2016/06/India-1.png" />
	<meta property="og:image:width" content="602" />
	<meta property="og:image:height" content="208" />
	<meta property="og:image:type" content="image/png" />
<meta name="twitter:card" content="summary_large_image" />
<meta name="twitter:site" content="@FundacioRMB" />
<script type="application/ld+json" class="yoast-schema-graph">{"@context":"https://schema.org","@graph":[{"@type":"WebPage","@id":"https://fundacioramonmartibonet.org/es/proyecto/india/","url":"https://fundacioramonmartibonet.org/es/proyecto/india/","name":"Visión para todo el mundo. Anantapur - Fundació Ramón Martí i Bonet","isPartOf":{"@id":"https://fundacioramonmartibonet.org/es/#website"},"primaryImageOfPage":{"@id":"https://fundacioramonmartibonet.org/es/proyecto/india/#primaryimage"},"image":{"@id":"https://fundacioramonmartibonet.org/es/proyecto/india/#primaryimage"},"thumbnailUrl":"https://fundacioramonmartibonet.org/wp-content/uploads/2016/06/India-1.png","datePublished":"2016-06-26T17:18:00+00:00","dateModified":"2024-09-04T09:49:40+00:00","breadcrumb":{"@id":"https://fundacioramonmartibonet.org/es/proyecto/india/#breadcrumb"},"inLanguage":"es","potentialAction":[{"@type":"ReadAction","target":["https://fundacioramonmartibonet.org/es/proyecto/india/"]}]},{"@type":"ImageObject","inLanguage":"es","@id":"https://fundacioramonmartibonet.org/es/proyecto/india/#primaryimage","url":"https://fundacioramonmartibonet.org/wp-content/uploads/2016/06/India-1.png","contentUrl":"https://fundacioramonmartibonet.org/wp-content/uploads/2016/06/India-1.png","width":602,"height":208},{"@type":"BreadcrumbList","@id":"https://fundacioramonmartibonet.org/es/proyecto/india/#breadcrumb","itemListElement":[{"@type":"ListItem","position":1,"name":"Home","item":"https://fundacioramonmartibonet.org/es/"},{"@type":"ListItem","position":2,"name":"Project","item":"https://fundacioramonmartibonet.org/es/true/"},{"@type":"ListItem","position":3,"name":"Visión para todo el mundo. Anantapur"}]},{"@type":"WebSite","@id":"https://fundacioramonmartibonet.org/es/#website","url":"https://fundacioramonmartibonet.org/es/","name":"Fundació Ramon Martí i Bonet","description":"Visió per a tothom","publisher":{"@id":"https://fundacioramonmartibonet.org/es/#organization"},"alternateName":"FRMB","potentialAction":[{"@type":"SearchAction","target":{"@type":"EntryPoint","urlTemplate":"https://fundacioramonmartibonet.org/es/?s={search_term_string}"},"query-input":"required name=search_term_string"}],"inLanguage":"es"},{"@type":"Organization","@id":"https://fundacioramonmartibonet.org/es/#organization","name":"Fundació Ramon Martí i Bonet","alternateName":"FRMB","url":"https://fundacioramonmartibonet.org/es/","logo":{"@type":"ImageObject","inLanguage":"es","@id":"https://fundacioramonmartibonet.org/es/#/schema/logo/image/","url":"https://fundacioramonmartibonet.org/wp-content/uploads/2023/06/frmb.svg","contentUrl":"https://fundacioramonmartibonet.org/wp-content/uploads/2023/06/frmb.svg","width":900,"height":280,"caption":"Fundació Ramon Martí i Bonet"},"image":{"@id":"https://fundacioramonmartibonet.org/es/#/schema/logo/image/"},"sameAs":["https://www.facebook.com/FundacioRamonMartiBonet","https://x.com/FundacioRMB","https://www.youtube.com/channel/UCNyN8HH4tz3ybIBubLBiSog","https://www.instagram.com/fundaciormb/","https://www.linkedin.com/company/fundacio-ramon-marto-i-bonet-contra-la-ceguera/"]}]}</script>
<!-- / Yoast SEO plugin. -->

Visión para todo el mundo. Anantapur - Fundació Ramón Martí i Bonet

Proyecto de salud visual y atención temprana, en colaboración con la Fundación Vicente Ferrer, que consigue reducir un 24% las matriculaciones escolares en Braille.

Fundació Ramón Martí i Bonet

Fundació Ramon Martí i Bonet

Visió per a tothom
